 7. Let p(o) = o**2 + o - 3. Let x be p(r). What is the highest common divisor of 9 and x?
9
Suppose 0 = 4*z - 9*z. Let w(g) = -g - 2*g**2 - 111*g**3 + 0 + z. Let m be w(-1). What is the highest common factor of 10 and m?
10
Let j(n) = n**2 - 4*n - 1. Let v be j(6). Suppose f + 2*k = 0, -3*f + k - 8 = 6. Let t = f + v. What is the highest common divisor of t and 7?
7
Let g = -5 - -9. Suppose 5*r + 5 = 0, 0 = 5*n - g*n - 4*r - 81. What is the greatest common divisor of n and 11?
11
Suppose 40 = 6*x - 2*x. Suppose 3*o - 19 = -5*p, 3*o + o - p - x = 0. Let l(g) = -25*g - 1. Let m be l(-1). What is the highest common divisor of o and m?
3
Let h(d) = -45*d. Let i be h(-1). Suppose -2*p + 3*a = -0*a - 27, -3*p + 30 = -a. What is the highest common divisor of p and i?
9
Let f = 135 - 360. Let q = -161 - f. What is the highest common factor of q and 8?
8
Let y = 87 + -45. Suppose 4*h - 42 = 130. Let j = -15 + h. What is the greatest common divisor of j and y?
14
Let s be (1 + (-15)/6)/((-6)/36). Calculate the highest common divisor of s and 72.
9
Let z = -13 - -23. Calculate the greatest common divisor of z and 20.
10
Suppose 9*v - v - 48 = 0. Calculate the greatest common divisor of 21 and v.
3
Let i be -4*((-9)/(-6))/(-3). Let v(g) = g. Let r be v(i). Suppose r*u = -25 + 65. Calculate the greatest common divisor of 20 and u.
20
Let b(t) = t**3 - 4*t**2 + 3*t - 4. Let d be b(5). Suppose d = -i + 3*i. What is the highest common divisor of i and 27?
9
Let u(z) be the second derivative of 2*z**3/3 - 13*z**2/2 - 7*z. Let s be u(4). Calculate the highest common factor of 6 and s.
3
Let b = -1 - -7. Calculate the highest common factor of 4 and b.
2
Let j = 7 + -1. Calculate the greatest common divisor of j and 24.
6
Suppose 3*a - 39 = 4*v, -5*v = -2*v - 4*a + 38. Let q be ((-8)/v)/((-2)/(-51)). Calculate the greatest common divisor of q and 51.
17
Let w(y) be the second derivative of -15/2*y**2 - 11/12*y**4 + 0 - 2*y + 2*y**3 + 1/20*y**5. Let b be w(10). Calculate the highest common divisor of b and 5.
5
Let h(r) = -8*r - 7. Let n be h(-7). Calculate the greatest common factor of n and 539.
49
Suppose 98 = 3*t + 26. Suppose -2*l = -t - 18. What is the greatest common divisor of 147 and l?
21
Suppose 3*s + 2*h = 5*h + 141, 5*s - 190 = -4*h. Calculate the greatest common divisor of 21 and s.
21
Let j = 22 - 3. Let t be (-4)/6 - (-1160)/30. What is the greatest common divisor of t and j?
19
Let b be 17/85 + 58/20*2. Let x(p) = -p + 12. Let m be x(0). What is the greatest common factor of m and b?
6
Suppose 2 = -2*p + 6. Suppose -v = p*j - 6, 2*j - 2 = -10. Let d = v + 0. What is the highest common divisor of 14 and d?
14
Suppose 0 = 4*f - 8*f + 52. Let u = -34 + 86. What is the greatest common factor of u and f?
13
Let c be ((-14)/(-3))/(22/363). Calculate the greatest common divisor of c and 11.
11
Suppose 11 = 6*h - 7. Calculate the highest common divisor of h and 51.
3
Let i be -4 - (-21 - -3) - -4. What is the greatest common factor of i and 81?
9
Let u = -8 - -12. Suppose -u*d - 6 = -2, 3*h + d - 8 = 0. What is the highest common factor of h and 2?
1
Let r(p) = 0*p - p**2 - 6*p - 3 - 2. Let l be r(-4). Suppose -5*f + l = -7. What is the highest common factor of f and 4?
2
Let h = 100 - 28. What is the highest common divisor of h and 9?
9
Let o(r) = 2*r - 3 + 3 + 3 - 4*r**2. Let h be o(3). Let l = h - -42. Calculate the greatest common factor of 30 and l.
15
Let x be 2/(-4) - (-339)/6. Let j be 25/9 - 2/(-9). Suppose 2*s + 34 = 4*y, j*s + 2*s = 5*y - 45. Calculate the greatest common divisor of y and x.
8
Let v(r) = -6*r - 2. Let n be v(-3). Let h be 1*(3 - -2) + 1. Suppose -u + 4*u = h. What is the highest common factor of u and n?
2
Let n(t) = 2*t**2 + 7*t - 7. Let b be n(3). Let j(r) = r - 2. Let c be j(4). Let z = b - c. What is the highest common factor of 15 and z?
15
Let q(x) = 13*x - 3. Let b be q(1). What is the greatest common factor of 10 and b?
10
Let l be 2 + (-176)/(-2*1). Let o(y) = -y**3 - 6*y**2 - 2*y - 2. Let x be o(-6). Calculate the greatest common factor of x and l.
10
Let a(k) = -k**2 - k + 3. Let u be a(0). Suppose -29 = -u*d - 4*q, -14 - 27 = -4*d - 3*q. What is the highest common factor of d and 33?
11
Suppose -8*x + 3*x = -30. Let r(h) = -h**2 + 9*h - 6. Let q be r(x). Let t(d) = d + 96. Let l be t(0). Calculate the highest common factor of q and l.
12
Suppose -6*j = -4*j - 48. What is the greatest common factor of 216 and j?
24
Suppose -6*y - 52 = -88. What is the highest common factor of 4 and y?
2
Let d(p) = -p + 5. Let z be d(-4). Suppose 180 = z*n - 4*n. Calculate the highest common factor of 12 and n.
12
Let h = -7 + 11. Let l = 0 + 4. Suppose -d = h*n + 2*d - 47, -5*n - l*d = -60. Calculate the greatest common divisor of n and 32.
8
Suppose -2 = 3*s + q, 0*q = 4*s - 2*q - 4. Suppose 6*i = 3*w + i - 80, w + 2*i - 23 = s. Calculate the greatest common factor of w and 10.
5
Let r(h) = -75*h**3 - h**2 - h. Let x be r(-1). What is the highest common factor of 30 and x?
15
Let t(h) = 9*h**2 - h + 9. Let w(l) = -l**2 - 1. Let x(q) = t(q) + 3*w(q). Let k be x(-5). Calculate the highest common divisor of k and 23.
23
Let z = -109 - -172. Calculate the greatest common divisor of 21 and z.
21
Let c = 10 + -16. Let s(l) be the first derivative of 2*l**3/3 - l**2/2 - 6*l + 1. Let i be s(c). Calculate the greatest common factor of i and 8.
8
Let f be ((-4)/(-3))/(2/(-99)). Let x = f - -213. Suppose -30 = -4*s + 54. Calculate the greatest common divisor of x and s.
21
Let b be (12/(-2) - -1)/(-1). Suppose 5*z + 11 = 4*n + 38, 3*z = n + 12. Suppose 20 = -z*f + 50. Calculate the highest common factor of b and f.
5
Let z(o) = -o**3 + 5*o**2 + 3*o - 1. Let p be z(5). What is the highest common divisor of p and 7?
7
Let k be (2/(-3))/((-2)/15). Let f = -3 - -5. Suppose x + 81 = f*g, 0 = 3*x + 2 + 1. Calculate the greatest common divisor of k and g.
5
Suppose 75 = 3*p - 39. Let t(m) = -27*m - 13. Let d be t(-4). What is the highest common factor of p and d?
19
Let z be (22/(-8))/((-4)/224). What is the highest common factor of 14 and z?
14
Suppose 0 = 2*q - 0*q + 6. Let a be 2*q*(-82)/12. Suppose -7 = -5*m - 4*b + a, -2*m + 9 = 5*b. Calculate the greatest common divisor of 60 and m.
12
Let w = -32 - -54. Let d = 43 - 21. What is the greatest common factor of d and w?
22
Suppose -4*h + 5*h = 19. Calculate the greatest common divisor of h and 95.
19
Let w(v) = v**3 - 11*v**2 + 2. Let q be w(11). Suppose 15 = 3*t - q*t. What is the greatest common divisor of t and 105?
15
Let n(q) = -3*q**3. Let c be n(-1). Suppose -3*y + 0*y - 118 = -2*t, -t + c*y = -53. What is the highest common divisor of t and 26?
13
Let h(u) = u**3 - 9*u**2 + 7*u + 19. Let f be h(8). Let o(i) = i - 2. Let a be o(3). What is the greatest common divisor of a and f?
1
Let t(m) = m**3 - 6*m**2 + 2*m - 9. Let a be t(9). Suppose -s + 5*s = a. Calculate the highest common divisor of s and 9.
9
Suppose 15 = p + 3*p + z, -5*p + 2*z = -9. Let d = 32 + 6. Let n be (d + 10)*1/2. Calculate the greatest common factor of n and p.
3
Let r(y) = 10*y + 13. Let f(p) = 3*p + 4. Let v(a) = -7*f(a) + 2*r(a). Let t be v(5). Let l be (-40)/12*3*t. What is the greatest common factor of l and 14?
14
Let r = -180 - -314. Let z = r + -79. Calculate the greatest common factor of 5 and z.
5
Let o = -15 + 19. Calculate the highest common factor of o and 6.
2
Suppose -4*u + 304 = -2*u - 4*t, 2*t = -8. Suppose -72 - 28 = 4*r. Let j = r + 41. What is the highest common factor of j and u?
16
Suppose 3*d - 3*j - 195 = -d, 0 = 3*j + 3. Calculate the greatest common factor of d and 120.
24
Let f(j) = 2*j**3 - 4*j**2 + j - 3. Let l be f(3). Suppose 288 = 10*p - 2*p. What is the greatest common divisor of l and p?
18
Let a = 111 + 41. What is the greatest common factor of a and 19?
19
Suppose 3*j + 8 = 23. Suppose 13 = 4*x - x - 2*m, -j*x + 4*m + 23 = 0. What is the greatest common factor of x and 21?
3
Suppose -3*j + 3 = -0*j. Suppose -3*l = -a - 6*l + 11, 3*l = -2*a + 13. Suppose a*t - 8 = 2. What is the highest common divisor of t and j?
1
Let b = 63 - -112. Calculate the greatest common divisor of 70 and b.
35
Let t = 57 + -31. Let a be t/(-4)*-2*8. Suppose 0*d + a = 4*d. Calculate the greatest common fa